 Let c(q) = -x + 4 + 2*q**3 - q**3 - q - 5 + 9*q**2. Determine c(-9).
6
Let h(p) = p**2 + 1. Suppose 4*m - 3*k = 11, 2*k + 0 = -2*m + 2. Calculate h(m).
5
Let l(v) = v**3 + 6*v**2 + 6*v - 3. Let q(z) = -3*z - 9. Let x(t) = -9*t - 28. Let g(f) = 11*q(f) - 4*x(f). Let s be g(-6). Determine l(s).
-8
Let t(f) = -f + 8. Let q be t(7). Let l(n) = -n**3 + n**2 + n + 1. Let g(d) = -2*d - 3. Let a(u) = q*l(u) - g(u). Give a(3).
-5
Let l(m) = 4*m + 2*m**2 + 7 + 8 + 2 - 30 + 9. Give l(1).
2
Let o(u) = 10459 - u**3 + 5*u + 2*u**3 - 10465 - 6*u**2. Suppose -5*l + y = -25, -2*y = -l - 1 + 15. Suppose -3*x + l = -2*x. What is o(x)?
-18
Let x(r) = 2*r + 10. Let u be x(-7). Let v be 3/(6/14) - u. Let n = -17 + v. Let w(k) = k - 1. What is w(n)?
-7
Suppose 0 = 4*t - 0*t - 3*f - 75, -3*f = -5*t + 90. Suppose -t*n = -14*n - 2. Let g(a) = a**3 + 4*a**2 - 3*a**2 - 6*a**n - 4 + 4*a**2. Give g(0).
-4
Suppose -4*i = i + 20. Let b be (-4)/12 + i/6. Let u(d) = -4*d. Calculate u(b).
4
Suppose b + 3*j + 5 + 6 = 0, -4*b = 4*j + 20. Let d(r) = -r + 2. Give d(b).
4
Let v(y) = y**2 - y - 2. Let o be ((-30)/12)/(2/(-4)). Let i = o - 1. Let b = i - 4. Determine v(b).
-2
Let i(j) be the second derivative of -j**4/12 - 4*j**3/3 + 3*j**2 + j - 16. Give i(-9).
-3
Let f be (-4)/(-20) - (-14)/5. Let n(k) = 2 + k + 11565*k**2 - 11566*k**2 - 2 + 0*k + 1. Calculate n(f).
-5
Let m(g) = -g - 2. Let n be m(2). Let x(j) = j**2 - 1. Let w(u) = u**2 + u. Let s(b) = n*x(b) + 5*w(b). Let h = -73 + 70. Give s(h).
-2
Let i(m) = 10*m + 4. Let b(v) = 11*v + 5. Let l(s) = 5*b(s) - 6*i(s). Let u be ((-204)/(-1020))/(2 - 11/5). Determine l(u).
6
Let h(d) = d**3 + 11*d**2 + 7*d - 12. Let k be h(-10). Let y = -14 + k. Let x(q) = -5*q**2 - 2*q - y*q - 1 + 3*q + 4*q**2. What is x(-3)?
-1
Let m(v) = 43*v. Suppose 6 = -2*g + 4. Calculate m(g).
-43
Let a(w) = -w**2 + w - 4. Let x(p) = p**2 + 5. Let l(m) = 3*a(m) + 2*x(m). Suppose 18 + 22 = 4*o. Let h be (-15)/6*((-48)/o)/3. What is l(h)?
-6
Let w(k) = 13*k - 21. Suppose d + 2*n = -2*d + 6, 0 = -4*n. Let y(l) = -3*l + 5. Let h(b) = d*w(b) + 9*y(b). Calculate h(4).
-1
Let l(t) be the second derivative of t**3 + 5*t + 0*t**2 - 4 + 1/12*t**4. What is l(-5)?
-5
Let r(y) = -y**2 + 12*y - 18. Let k be r(4). Let n(c) = 3*c - 17*c**2 - 2 + k*c**2 + 0. Calculate n(2).
-8
Let h(f) be the second derivative of -f**4/12 + f**3/3 - 2*f**2 - 140*f. Calculate h(2).
-4
Let v(l) = -2*l - 4. Let p(h) = -h**3 + 23*h**2 + 26*h + 11. Let j be p(24). Let f = j + -55. Give v(f).
-12
Let g(f) = -2*f + 5*f - 52*f**2 + 51*f**2 - 5. Let r(z) = z**2 - 2*z + 5. Let b(c) = 5*g(c) + 4*r(c). Let q = -1 + 7. What is b(q)?
1
Let d(r) = -r**2 - 15*r - 5. Let u be d(-14). Let s(g) = g + 2. What is s(u)?
11
Let n(h) be the third derivative of -h**8/20160 + h**7/1260 + h**6/180 - h**5/5 + 22*h**2. Let v(j) be the third derivative of n(j). Determine v(4).
4
Let s(d) = 3*d**2 + 2*d + 13. Let x(i) = i**2 - i + 2. Let g(q) = s(q) - 4*x(q). Let t = 44 - 30. Let j = t - 9. Calculate g(j).
10
Let o = -5/79 + 109/474. Let b(l) be the second derivative of 3*l - 3/2*l**2 + 1/12*l**4 + 0 - o*l**3. Give b(4).
9
Let u(p) be the second derivative of -p**4/12 - 11*p**3/6 + 5*p**2/2 - 25*p. Let l(s) be the first derivative of u(s). Give l(-8).
5
Let p be (-2)/3 + 2/(-6). Let l(w) = 4*w**2 - 2*w - 1. Suppose -66 = -4*n - 7*n. Let g(m) = -m**2. Let f(d) = n*g(d) + l(d). Determine f(p).
-1
Let y(v) = 3*v + 2*v - 2 - 227*v**2 + v**3 + 219*v**2. What is y(7)?
-16
Let r be 0/((20/(-4))/5). Let c be -4*(-1 - r/(-5)). Let z(h) = h**2 - 6*h + 3. Give z(c).
-5
Let s(g) = 189 - 371 + 186 + 4*g. What is s(4)?
20
Suppose 136*h = 129*h + 105. Let j(r) = -r + 20. Calculate j(h).
5
Let t(y) = -y**2 - y + 10. Suppose s = 6*s + 3*g - 135, 0 = -5*s - g + 125. Let b = -24 + s. Calculate t(b).
10
Let s(y) = 1. Let i(v) = -v - 1. Let q(g) = -4*i(g) - 3*s(g). Let c(f) = f**3 - 17*f**2 - f + 13. Let j = 27 - 10. Let m be c(j). Give q(m).
-15
Let m(a) be the third derivative of -a**6/120 + a**5/6 + 5*a**4/8 - 7*a**3/6 + 134*a**2 + a. Determine m(11).
37
Let b(m) = -3*m**2 + 2*m - 1. Let o(j) = 7*j**2 + 17*j - 14. Let p be o(-3). Give b(p).
-17
Let t(d) = d**3 + 9*d**2 + 7*d - 6. Let j be t(-8). Let s(v) = v**j - 5 + 1 - 1 + 4*v. Let z be 8*(1*(-15)/(-6) + -3). Determine s(z).
-5
Let h(b) = -6*b - 17. Let p = 319 - 322. What is h(p)?
1
Let u(z) be the third derivative of -z**7/5040 + z**6/720 + 5*z**5/12 - 22*z**2. Let n(r) be the third derivative of u(r). Calculate n(0).
1
Let o be (-545)/(-30) - (-2)/(-12). Suppose 13*q + 10 = o*q. Suppose -6 - 2 = q*n. Let b(h) = h**2 + 7*h + 6. What is b(n)?
-6
Let l(d) be the second derivative of d**2 - 1/12*d**4 - 5/6*d**3 + 0 + 4*d. Calculate l(-5).
2
Let a = 3 + 5. Suppose -v + 0*v = a. Let q = 7 + v. Let z(u) = -10*u**3 + u**2 + 2*u + 1. What is z(q)?
10
Let n be -9 - 2*(-9)/6. Let i be 8 + n + (-4)/2. Let a(z) = -1 - z - 3 + i + 1. Give a(-5).
2
Let u(a) = 1. Let j(v) = -v + 14. Let t(b) = j(b) - 6*u(b). What is t(6)?
2
Let i = -464 + 458. Let o(t) = t**3 + t**2 + 8*t - 3. Let n(h) = -h**2 - 1. Let g(d) = -6*n(d) + o(d). Give g(i).
-9
Let r(d) = -d + 1. Let s = -43 + 72. Suppose 0 = 3*c - 2*w + s, -5*w + 2*w = -3. Let t = 13 + c. Calculate r(t).
-3
Let t(h) = -h**3 + h + 1. Let v(g) = 2*g - 26. Suppose 0 = -2*a - 2, -3*c + 42 = -3*a. Let i be v(c). What is t(i)?
1
Let g be (2/3)/(2/(-21)). Let q(b) = -2 + 0*b + 9*b - 3*b + b**2 - 4. What is q(g)?
1
Let o(q) = 8*q**2 + 8*q**3 - 7*q**3 - 38*q**2 + 14*q**2 + 2*q + 15*q**2. Let f be (-6)/(-21) - (-12)/7. Determine o(f).
8
Let h(f) = 2*f**2 - 2*f - 2. Let j = -359 + 361. Calculate h(j).
2
Suppose k - 6 + 3 = 0. Suppose 1 = -k*i + 16. Suppose -5*c + 3*t = 11, 0 + 15 = -5*c + i*t. Let a(z) = -4*z - 1. Give a(c).
3
Let f(d) = -d**2 + 5*d + 24. Let h be f(-3). Let t(p) = p**3 + p + 3. Calculate t(h).
3
Let f(u) = 3*u**3 - 10*u**2 + 17*u + 35. Let v(m) = m**3 - 3*m**2 + 5*m + 11. Let p(q) = -2*f(q) + 7*v(q). Give p(0).
7
Let y(d) be the first derivative of -d**2/2 + 27*d - 29. Determine y(23).
4
Let j(n) = 4*n - 2. Let t(a) = -a**2 + 4*a + 2. Let v be t(4). Suppose -2*b = v*p - 12, p - 2*b - 18 = -6*b. What is j(p)?
6
Let j(f) be the third derivative of -f**4/24 + f**3/6 - 2*f**2. Let p(h) = -6. Let g(w) = 2*j(w) + p(w). Suppose -4*z + 8 + 8 = 0. Determine g(z).
-12
Let x(s) be the second derivative of 7/12*s**4 - 1/6*s**3 + 3/2*s**2 + 0 + 1/20*s**5 - 13*s. What is x(-7)?
10
Let f(q) = -q**2 + 14*q + 15. Let t be 10/2*(84/30)/1. Determine f(t).
15
Let x(b) = -2*b - 1. Let l(c) = c**3 - 4*c**2 + c + 4. Let n be l(4). Let a(j) = 4 + 71*j + 0 - 66*j - 1. Let w(s) = n*x(s) + 3*a(s). Determine w(-4).
5
Let d(q) be the third derivative of 0 - 4*q**2 + 1/2*q**3 - 5/24*q**4 + 0*q - 1/30*q**5. Suppose 3*j - 2*g + 20 = -4*g, 8 = j - 3*g. Give d(j).
-9
Let o(g) = 2 + 4*g**3 + 8*g - 3*g**3 + g**2 - 9*g**2. Suppose 8*v + 172 = 4*v. Let x = v + 50. Give o(x).
9
Let t(u) = -u**2 - 9*u + 4. Let h be t(-10). Let r(o) = -155 - 153 + 307 - 3*o + 0*o - o**2. What is r(h)?
-19
Let y(g) = -11*g**3 - g**2 - 2*g - 2. Let h be y(-1). Let u(v) = -v**2 + 11*v - 13. Calculate u(h).
-3
Suppose -4*h - 5 = -0 + 19. Let v(r) = 2*r**2 - 7*r + 11. Let n(f) = -5*f**2 + 15*f - 23. Let z = 3 - -4. Let g(s) = z*v(s) + 3*n(s). Give g(h).
-4
Let d(f) = -f**3 + 10*f**2 - 10*f. Let g = 204 + -195. What is d(g)?
-9
Let p(l) = l + 15. Suppose 6*h + 1529 = -5*h. Let y = h + 139. Determine p(y).
15
Let w = -486 - -488. Let h(u) be the first derivative of -8 + 0*u**3 - 1/4*u**4 + 3*u + 2*u**w. Calculate h(-2).
3
Let u be (-2)/((-5)/15*-6). Let x(q) = -15*q**3 - 2*q**2 - 2*q - 1. Determine x(u).
14
Let y(j) = -8*j**3 - 4*j**2 - 3*j - 1. Let g be y(-1). Let c(z) be the second derivative of -z**4/12 + 2*z**3/3 + z**2/2 + z. Determine c(g).
-11
Let r(x) = x**2 - 11*x - 5. Let l(u) = -u**2 + 6*u + 3. Let v(a) = 7*l(a) + 4*r(a). Calculate v(2).
-15
Let j(l) = 6*l - 2. Suppose 2*v - 20 = 4*d, 5*v - 4*d - d = 40. Let m be v + (-160)/25 - (-12)/5. Give j(m).
10
Suppose 0 = -2*x + 3*h + 5, -2*x + 8 = -2*h + 4. Let n(d) = -7*d - 2. Calculate n(x).
-9
Suppose 30*z = 25*z - 160. Let q = -28 - z. Let w(g) = -g - 3. Give w(q).
-7
Suppose -7*t + 3*t = 8. Let r(z) = -4*z + 4. Let l(n) = 3*n - 4. Let j = -8 - -5. 